2*a - 256. Let t be u(-8). Calculate the greatest common factor of 2160 and t.
80
Let v be -3 + 0 - (-66)/11. Suppose h = q + 106, 2*h - v*h = -4*q - 436. Let l = 317 + q. Calculate the highest common factor of 23 and l.
23
Let p(j) = -3*j**2 + 10*j + 34. Let v(z) = 7*z**2 - 21*z - 67. Let m(x) = -5*p(x) - 2*v(x). Let f be m(-4). Calculate the highest common factor of f and 324.
12
Suppose 7*z - 4*b - 26 = 4*z, 5*z - 47 = 3*b. Suppose 2*k - 10 = -z. Suppose -3*t = -k*t - 1320. What is the highest common divisor of 40 and t?
40
Let t be 32607/14 - (-2)/(-28). Calculate the highest common factor of 17 and t.
17
Suppose -4*b = -k - 303, -9*k = 3*b - 13*k - 237. Calculate the greatest common factor of 225 and b.
75
Suppose -2*a + 58 = -2*q, -48*a + 2*q = -49*a + 26. Let i(x) = 11*x + 7. Let o be i(7). What is the highest common factor of a and o?
28
Suppose 0*n + 252 = 3*n. Let k = n - 82. Calculate the highest common factor of k and 47.
1
Let j be ((-45)/2)/((-6)/(-4176)*-4). Calculate the greatest common factor of 29 and j.
29
Let f = -19388 + 19403. What is the highest common divisor of f and 7950?
15
Let c = 118 + -115. Suppose -c*a = 5*i - 201, -14*i - a + 123 = -11*i. What is the highest common divisor of i and 7?
7
Let y(a) = -114*a**3 - 10*a**2 - 27*a - 19. Let r be y(-1). Let m(g) = g**2. Let l be m(-4). What is the greatest common factor of l and r?
16
Let h = 20073 - 19905. What is the highest common factor of 1827 and h?
21
Let v(h) = -4*h - 7912 + 7963 + 0*h. Let s be v(3). What is the highest common factor of s and 26?
13
Suppose 0*o + 26*o - 130 = 0. Let j be -5 - -933 - (0 - -2). Suppose 326 = -o*x + j. What is the greatest common divisor of x and 24?
24
Let a = -44 + 44. Let j be 25 + (-30 + 27)/(-1 + a). Let g = 18 + 3. Calculate the highest common divisor of g and j.
7
Let m(o) = -o**3 + 8*o**2 + 5*o - 60. Let x be m(4). What is the highest common divisor of x and 6872?
8
Let v(l) = l**3 + 29*l**2 + 177*l + 21. Let p be v(-9). What is the greatest common divisor of 3000 and p?
24
Suppose 35 = 2*f - 13. Suppose 4*o = 9*o - 60. Calculate the greatest common factor of o and f.
12
Let v be (-14)/(-182)*611 - 26. Calculate the highest common divisor of v and 10059.
21
Let n be 14602/(-5215)*(-80)/14. What is the highest common factor of 5464 and n?
8
Let v(z) = z**3 + 4*z**2 + 28*z + 119. Let f be v(-4). What is the highest common factor of f and 371?
7
Suppose o = 4*o - 336. Let p be 420/75 - (-3)/(-5). Suppose 5*y = -15, -33 = p*r - 3*y - 122. What is the highest common divisor of o and r?
16
Let o(w) = -w**3 + 5*w**2 + 4*w - 5. Let x be o(5). Suppose 0 = -12*t + 816 - 336. Calculate the highest common factor of t and x.
5
Suppose u - 30 + 18 = 0. Let j be 1 - 3*(-4)/u. Suppose 3*b - j*y = 3*y + 78, 0 = -b - 3*y + 12. Calculate the highest common divisor of 168 and b.
21
Let m = 9 - -36. Suppose -20 = -46*r + 44*r. Suppose -z = -4*b - 1, -4*b = -r + 2. What is the greatest common divisor of m and z?
9
Let s be (17253/(-9))/(-9) + 7. Let h be 20/3*(-264)/(-20). What is the greatest common factor of s and h?
44
Let m(c) = -94*c - 4420. Let d be m(-117). What is the greatest common factor of 78 and d?
26
Let w(s) = s**2 + 1. Let z be w(-2). Suppose -3*t + 2 = z*o, -3*o + 3 = 9. Suppose -53*j = -367 - 693. What is the highest common factor of j and t?
4
Let s(y) = 40*y**2 - 3238*y - 65. Let d be s(81). Calculate the greatest common factor of 8633 and d.
97
Suppose -n + 7 = -1010*t + 1014*t, 4*t - 32 = 4*n. Calculate the greatest common divisor of t and 118.
1
Suppose 160*u = -9*u - 24*u + 2127053. Calculate the highest common divisor of u and 206.
103
Suppose -31696 = -194*l + 178*l. What is the greatest common divisor of l and 14?
7
Suppose -3*q - 13*c = -10*c - 642, q + 3*c - 218 = 0. What is the highest common factor of 530 and q?
106
Let b(o) = o**3 + 44*o**2 + 75*o - 108. Let k be b(-42). Let s be 3/(-2)*(1 - 13). What is the highest common factor of s and k?
18
Let v be -9 - (-23)/(253/220). Calculate the highest common divisor of 418 and v.
11
Suppose -30777 = -13*d - 12*d - 6902. What is the greatest common divisor of 764 and d?
191
Suppose -20 = 37*c - 33*c. Let g = c + 32. What is the greatest common factor of 513 and g?
27
Let c be (193/(-2) + -3)*(-13 - 11). Calculate the greatest common divisor of 24 and c.
12
Suppose -3*t + 1268 = 5*b, 0 = 3*b - 15*t + 17*t - 761. What is the highest common factor of b and 598?
23
Let a be 2055/225 - (-8)/(-60). What is the greatest common divisor of a and 543?
3
Let n be ((-12)/1)/(-1 + 2/3). Let a = 4871 + -4475. What is the greatest common factor of a and n?
36
Let y = -29889 + 30303. Calculate the highest common factor of 2507 and y.
23
Let r = -29 + 48. Let w = r + 23. Calculate the greatest common factor of 6 and w.
6
Let k(y) = 11*y - 2*y + 17*y**2 + 6*y - 50*y**2 - 2*y**3 + 16. Let l be k(-17). What is the greatest common factor of 20 and l?
10
Let v be (173/3)/(302/11778). Calculate the highest common factor of v and 65.
13
Suppose -915 = -n + g + 4*g, -5*n + 5*g = -4615. What is the greatest common factor of n and 37?
37
Suppose -22*t + 80 = -14*t. Suppose -6*m + 209 = 101. What is the highest common divisor of t and m?
2
Suppose -3*m + 1 = 2*p - 10, 0 = -5*p + 3*m - 25. Let g(c) = -5*c + 1. Let x be g(p). Calculate the highest common factor of 11 and x.
11
Suppose 38*y - 1500 = 552. Calculate the highest common factor of y and 36.
18
Let n be (-9)/(-21) - (-23871)/1533. Calculate the highest common factor of n and 18704.
16
Suppose -96371 = -4*o - 2*w - 13911, 5*w = 5*o - 103060. Suppose 34*d - 29706 = o. What is the highest common divisor of 10 and d?
10
Suppose -30*a + 19*a + 1659 = -3093. Calculate the highest common factor of 1116 and a.
36
Suppose 74*t - 71*t + r - 3400 = 0, 3*r = -2*t + 2262. What is the highest common divisor of 14 and t?
14
Let w = 40232 + -39868. Suppose -3*o + 104 = -o. What is the highest common divisor of w and o?
52
Suppose 12 = -4*v, -4*v - 12 = -g + 13. Let q(y) = 4*y + 26. Let l be q(g). Calculate the greatest common divisor of 65 and l.
13
Let m be -8 - (-8 + 2) - (-542 - 4). What is the highest common factor of 288 and m?
32
Suppose -3*k + 9 = -2*i, -30*k = -28*k + 2*i - 16. Calculate the greatest common divisor of 1985 and k.
5
Let j be (4186/(-78) + 19)*(-6 + 3). Let m(a) = a**3 + 6*a**2 + a + 4. Let i be m(-6). Let f be 2*(i - -14)/3. Calculate the highest common factor of j and f.
8
Suppose -4*x = 4*c - 40, 2*x - 13 = 3*c + 7. Let q = -37921 - -37931. What is the highest common factor of x and q?
10
Let i = 113 - -2. Suppose 0 = 3*k + i - 145. Let x be (8/k)/(1*2/55). What is the greatest common factor of x and 198?
22
Let a(k) = k**3 + 7*k**2 - 8*k + 16. Let z be a(-8). Suppose -v + 22 = z. Suppose v*g - 143 = 55. What is the greatest common divisor of g and 363?
33
Suppose -39*t + 3*t = 58*t - 23218. Let i = 63 - 44. What is the greatest common factor of i and t?
19
Let q = -5912 - -8211. What is the highest common factor of 121 and q?
121
Let j(a) = -a**2 + 37*a + 439. Let f be j(46). What is the highest common divisor of 30 and f?
5
Let c = -2707 - -3499. What is the greatest common factor of 9 and c?
9
Suppose 5*m - 109 = 91. Let j be (5/(-2))/((-4)/m). Calculate the highest common factor of 350 and j.
25
Let m = -24 - -26. Suppose -m*y + w + 1 = 8, 2*w + 14 = -3*y. Let n be y*-1*4/8. What is the highest common factor of n and 2?
2
Let x(q) = q**2 - 16*q + 34. Let c be x(15). Suppose 3*r = 2*s + 13, -3*r + 6*r - 5*s = c. What is the highest common factor of r and 51?
3
Let o(k) = -4*k**2 + 39*k + 10. Let i be o(10). Let d be (50 + -53)/(i/(-2) - 1). What is the highest common divisor of 6 and d?
3
Let b = 1386 - 1342. What is the greatest common factor of b and 2596?
44
Let m(n) = -3*n**3 + 5*n**2 + 19*n + 21. Let g be m(-2). Calculate the greatest common factor of g and 1971.
27
Suppose 22*r - 20*r = -2*s + 7326, s - 7329 = -2*r. What is the highest common factor of 94 and r?
94
Suppose -7*k = 33*k - 480. Let h(r) = -13*r**3 + r**2 - r + 4. Let w be h(-2). Calculate the highest common divisor of k and w.
6
Let v(h) = -115*h + 3. Let f be v(2). Let q = -2777 - -2814. Let c = q - f. What is the highest common factor of c and 33?
3